19 = -2*w - 5*u. Let n(y) = 2*y - 10. List the prime factors of n(w).
2
Let k be 561/12 - (-2)/8. Let a = k + -6. What are the prime factors of a?
41
Suppose 0 = 5*c - 8*c + 72. List the prime factors of c.
2, 3
Let w = 31 - 11. Suppose 2*n + w = 4*n. List the prime factors of n.
2, 5
Suppose -943 = -16*c + 833. What are the prime factors of c?
3, 37
Suppose 5*w + 0*s - 29 = -s, -5*s + 45 = 5*w. Suppose 2 = 4*l - 6. Let h = l + w. What are the prime factors of h?
7
Let j be (-3)/(-3) + 4 + 1. Suppose -3*g - 2*h = -19, -3*g - 3*h + 9 = -j*h. What are the prime factors of g?
5
Let t = -108 + 164. Let a be -2*(1 + -1*2). Suppose -2*l + t = a*l. List the prime factors of l.
2, 7
Let t(c) = -5*c**3 - c**2 + 3*c + 5. Let h(r) = r**3 - r**2 - 1. Let q(z) = -4*h(z) - t(z). What are the prime factors of q(-5)?
2, 7
Let w(v) = -v**3 - 4*v**2 + 7*v + 7. Let h be w(-5). Let g = 11 + h. List the prime factors of g.
2
Suppose 0 = -f + 4, f + 35 = 3*o + 6*f. Let r(w) = w**2 - 3*w. List the prime factors of r(o).
2, 5
Let k(y) = y. Suppose 3 = 3*z, 2*c = 5*c + 4*z - 37. What are the prime factors of k(c)?
11
Suppose 5*q - 2*t + 10 = 0, 2 = -3*q + 4*t - 4. Let b(d) = 3*d**2 - 2*d - 3. What are the prime factors of b(q)?
13
Let y(c) = 2*c + 177. What are the prime factors of y(0)?
3, 59
Let d = 88 - 37. Let r be d/9 - (-4)/(-6). Suppose -r*u = -36 - 14. List the prime factors of u.
2, 5
Let c = -107 - -197. What are the prime factors of c?
2, 3, 5
Let d(t) = 33*t - 1. Let o be d(-1). What are the prime factors of (o/(-5))/((-2)/(-10))?
2, 17
Suppose y - 24 = -4. Suppose 3*i + 2*i = 30. Suppose i*v - y = v. What are the prime factors of v?
2
Let b(l) = l**2 - 2*l - 3. Suppose -5*y = -2*a - 4, -44 = -3*a - 2*y - 12. What are the prime factors of b(a)?
3, 5
Suppose -2*o + 6*o = -28. List the prime factors of (9 + o)*(-10)/(-4).
5
Suppose 2*j - 147 = -37. List the prime factors of j.
5, 11
Let b(k) = 4*k**2 - 21*k + 1. List the prime factors of b(9).
2, 17
Let g(j) = j**2 - 6*j + 7. Let f be g(5). Let i be (10/6)/(f/(-6)). Let u = 0 - i. What are the prime factors of u?
5
Suppose -3*z + 10 + 2 = 0. Suppose -2*y + z = -2*j, -4*y + 2*j + 8 = j. List the prime factors of (2/1)/(y/12).
2, 3
Suppose 0 = m - 15 - 17. Let p = -19 + m. Suppose -4*f + 27 = -p. List the prime factors of f.
2, 5
Suppose j - 18 - 10 = 0. Suppose 0*t + t - 17 = 0. Suppose j + t = 5*n. List the prime factors of n.
3
Suppose 5*r - 39 = -4*h, 4*r - 32 = -0*h - 4*h. Suppose a - 1 = -r. What are the prime factors of 10/(3*(-2)/a)?
2, 5
Suppose -2*q = 3*q. Suppose 2*d - 71 = -5*j, 2*j = -q*j - 3*d + 24. List the prime factors of j.
3, 5
Suppose 0 = -0*v + 5*v - 985. List the prime factors of v.
197
Suppose 2*u + 18 = 5*u. Let w(o) be the first derivative of o**4/4 - 2*o**3 + 5*o - 1. List the prime factors of w(u).
5
Let m = 0 - -6. What are the prime factors of m?
2, 3
Let w(v) = v**2 - v + 25. Let g be w(0). Suppose -g = 4*h - 77. List the prime factors of h.
13
Let p = 2 + 0. Suppose 5*i + 1 + 4 = 0, 0 = -n + p*i + 3. Let h = n + 7. What are the prime factors of h?
2
Suppose -4*j = -0*b - b + 45, 130 = 2*b + 2*j. List the prime factors of b.
61
Suppose -3*p + 2*l = -78, -p = 3*p + l - 93. Suppose 0 = -2*a + 4*x + 32, -2*x + 2 = -2*a + p. What are the prime factors of (4/a)/((-1)/(-15))?
2, 5
What are the prime factors of (0 - -1)*(35 - 0)?
5, 7
Let i(m) = -8*m - 4. Let h(s) = -10*s - 4 + 2 + s - 2. Let o(t) = 2*h(t) - 3*i(t). List the prime factors of o(3).
2, 11
Suppose 2*f = -4*z - 22, -3*f - 37 = 4*z + 2*f. Suppose -6 = 2*g + 10. List the prime factors of (-4)/g + z/(-2).
2
Let g = 26 - 6. What are the prime factors of g?
2, 5
Let x = 1 - -4. Suppose 57 = 5*b - b - x*i, i + 15 = b. What are the prime factors of b?
2, 3
Suppose 0 = 2*k + 2*o - 506, -k + 3*o = -2*k + 263. What are the prime factors of k?
2, 31
Let w = 48 - 76. What are the prime factors of -1 - -1 - (2 + w)?
2, 13
Suppose 2*l + 10 = 4*l. Let n be ((0 - 1) + 2)*l. Suppose -n = -r - 0. What are the prime factors of r?
5
Let r(c) = -c**2 - c - 39. Let j be r(0). What are the prime factors of -3 - j/(2 + 1)?
2, 5
Let j = -18 - -26. Let p = 14 - j. What are the prime factors of -3*p/(-27)*12?
2
Suppose -5*x - 31 + 166 = 0. What are the prime factors of x?
3
Suppose -334 = 3*o - 85. Let u = o - -123. What are the prime factors of u?
2, 5
Let f(j) = 2*j**3 - 3*j**2 + 4*j - 3. Let y be (2 + -1)/(-1 + 0). Let s = y - -3. List the prime factors of f(s).
3
Let p(c) = c + 2. Let o(x) be the first derivative of -x**4/4 + x**3 + x**2/2 - x - 1. Let i be o(2). What are the prime factors of p(i)?
7
Suppose 125 - 4 = r. List the prime factors of r.
11
Let w(z) = -z + 1. Let t(o) = o - 9. Let h(m) = t(m) + 2*w(m). List the prime factors of h(-9).
2
Suppose 64 - 4 = 4*w. Suppose m + w = 4*m. Suppose 32 + 28 = m*q. List the prime factors of q.
2, 3
Suppose 0 = j + j - 16. List the prime factors of j.
2
Let g(k) = 6*k + 3 - k**2 + 4*k**2 - 4*k**2. Let o be g(6). Suppose 3*d - 3 = d - o*t, -d + 3*t = -6. What are the prime factors of d?
3
List the prime factors of (-3)/(3/14)*(-90)/12.
3, 5, 7
Suppose 0 = 2*s - 3*z, 5*z + 0 = 2*s + 4. Let i(r) = 13*r + 8. List the prime factors of i(s).
47
What are the prime factors of (-1)/((-2)/9) + 1/(-2)?
2
Let s(f) = -f + 16. Let t be s(0). What are the prime factors of (t + 0)*(-5 - -6)?
2
Suppose -5*i + 1009 + 161 = 0. Suppose -5*b + 5*s + 201 + 79 = 0, 0 = 4*b + s - i. What are the prime factors of b?
2, 29
Suppose -4*d + 8*d - 196 = -5*o, -196 = -4*d + o. List the prime factors of d.
7
Suppose o - 4*f - 38 = 0, -4*o - 40 + 179 = -3*f. List the prime factors of o.
2, 17
Suppose 5*a + r = 3*a - 11, 2*a - 2*r = -26. Suppose 3*t - 21 = -h, 2*h - 4*t - 24 = -h. What are the prime factors of (-162)/h*a/6?
2, 3
Suppose 15 = 3*z - 0*z. Let b = 7 - z. Let p = 5 + b. What are the prime factors of p?
7
Let k = 8 + -11. Let a(x) = -6*x - 4. What are the prime factors of a(k)?
2, 7
Let c = 15 - -5. Suppose -f = -0*f - c. List the prime factors of f.
2, 5
Let m(k) = -14*k - 7. What are the prime factors of m(-3)?
5, 7
Suppose 2*p = -2*t + 5 + 49, 0 = -3*t + 3*p + 69. What are the prime factors of t?
5
Let r be 3/((-2)/((-10)/3)). Suppose 2*s = 4*s + h - 47, 2*s - 41 = r*h. What are the prime factors of s?
23
Let z = -27 + 29. What are the prime factors of z?
2
Suppose 0*a + 210 = 5*a. What are the prime factors of a?
2, 3, 7
Let k = 0 + 5. Suppose 5*w = -o - 23, -5*w - 1 - 4 = -k*o. Let b(t) = -t**2 - 5*t - 2. What are the prime factors of b(w)?
2
What are the prime factors of 2/3 - 2*(-249)/9?
2, 7
Let k = -2 + -1. Let o be (-5 - (k - -3)) + -1. List the prime factors of (o/(-5))/((-27)/(-360)).
2
Let c(f) = f**2 + 3*f + 1. Let k be 1*-2 - 0/3. Let g be c(k). List the prime factors of 1 + g + 5*2.
2, 5
Suppose -o + n = 2*n + 1, 5*o - 1 = -3*n. Let w be 1*19 - (o - 5). Let u = -12 + w. List the prime factors of u.
2, 5
Suppose -l + 5*c - 5 = -6*l, -31 = -3*l + 4*c. Suppose 2*n - 17 = -l. List the prime factors of n.
2, 3
Let z = 8 + -5. Suppose -z*h + 115 = 2*h. What are the prime factors of h?
23
Let c(b) = 7*b - 18. Let y be c(7). Let a = y + -9. List the prime factors of a.
2, 11
Let z = 12 + -2. What are the prime factors of z?
2, 5
Let l be 5/(5/(-2)) - -11. List the prime factors of l/(-3) - -5 - -8.
2, 5
Let f(k) be the third derivative of -k**5/60 + 5*k**4/12 - 2*k**3/3 - 2*k**2. What are the prime factors of f(7)?
17
Let a(v) = -v**3 - 5*v**2 - 6*v - 4. List the prime factors of a(-6).
2, 17
Let z(v) = -v. Let k(g) = -g**2 + g - 4. Let n(i) = k(i) - 6*z(i). Let b be n(5). What are the prime factors of 3/(0 - b)*-26?
13
Let v(h) = -h**2 - 3*h - 2. Let j be v(-2). Suppose -l + 4 = j, -4*l = 3*m - 0*m - 43. What are the prime factors of m?
3
Suppose 3*l + 20 = -l. Let h(p) = p**2 - 3*p - 3. What are the prime factors of h(l)?
37
Suppose 0 = -2*f + 10 - 0. Suppose f*c = -14 + 44. Suppose -2*i - c = -14, 2*m - i - 20 = 0. List the prime factors of m.
2, 3
Let h(t) be the third derivative of t**5/15 + t**4/24 + t**3/3 + 4*t**2. List the prime factors of h(-2).
2
Let h(i) = i**2 + 8*i + 13. What are the prime factors of h(-9)?
2, 11
Suppose 5*x - 8 = 32. Let f = 9 + x. Let y = 24 - f. What are the prime factors of y